visor of 68 and h.
17
Suppose -12*n - 5 = -13*n. Calculate the highest common divisor of n and 40.
5
Suppose 0 = -8*q + 77 + 147. Calculate the highest common factor of q and 21.
7
Let y(f) = -f**2 - f - 1. Let j be y(0). Let l(x) = -270*x + 2. Let z be l(j). What is the highest common factor of 34 and z?
34
Let b = 109 - 96. Let r be 2 + -2 - (266 - 0). Let j = 396 + r. What is the greatest common divisor of b and j?
13
Let g(x) = -x**2 - 9*x - 6. Let h be g(-5). Let l = h + -7. Let n = l - 3. What is the highest common factor of n and 32?
4
Let q(b) = b + 2. Let n be q(-5). Let x be (-21)/35 + n/(-5). Suppose x = -d - 0*d + 60. Calculate the highest common divisor of 12 and d.
12
Suppose -3*n = n + v - 123, -5*v = 3*n - 88. What is the highest common factor of 62 and n?
31
Let x = 27 + -24. Suppose 3*n = 2*q + 47, -3*n + 52 = x*q - 4*q. What is the highest common divisor of n and 152?
19
Let m(l) = 44*l**3 + 1. Let j be m(1). Let g = 1 + 2. Suppose -g*y + 31 = 4. What is the highest common divisor of y and j?
9
Suppose 0 = -3*n + 216 + 60. Calculate the highest common factor of n and 4.
4
Let n(t) = -t**2 + 11*t - 13. Let w be n(6). Let h(c) = 2*c**3 - 6*c**2 - 4*c + 5. Let l be h(5). What is the greatest common divisor of w and l?
17
Let t(n) = -n**2 + 17*n - 14. Let p be t(16). Suppose -11 = 3*w - 77. What is the greatest common divisor of p and w?
2
Let s = -2 - -5. Calculate the highest common divisor of s and 6.
3
Suppose -88 = -3*t - 4. Calculate the highest common divisor of t and 7.
7
Let x = 27 + -14. Let o be (-390)/(-5)*(-4)/(-6). Calculate the greatest common factor of o and x.
13
Suppose -176 = -4*t + 4*x, -5*t + 5*x - 260 = -10*t. Let p = t - 28. Calculate the greatest common divisor of 30 and p.
10
Let a = 35 - 17. Let i(w) = -2*w + 2. Let l be i(-9). Let z = l + -18. Calculate the greatest common factor of a and z.
2
Let a(q) = q**3 + 9*q**2 + 9*q + 1. Let z be a(-8). Let v be 6/21 + (-68)/z. Calculate the highest common factor of v and 110.
10
Let x(c) = 2*c**3 + 10*c**2 - 4*c + 10. Let y be x(-5). Calculate the greatest common factor of 45 and y.
15
Suppose 4*d - 5*t - 48 = 0, t - 23 = -5*d + 37. What is the highest common factor of 96 and d?
12
Let n = -278 - -499. Calculate the highest common divisor of n and 13.
13
Suppose -3*l + 12 = 2*c - 5, 2*l + c = 10. Calculate the greatest common factor of l and 3.
3
Let r = -8 + 58. Calculate the highest common divisor of r and 10.
10
Let v be (-2)/(3 + (-22)/6). Calculate the greatest common factor of 9 and v.
3
Let m = 199 + -111. Calculate the highest common divisor of m and 8.
8
Let d(i) = -i**3 + 4. Let p be d(-2). Calculate the greatest common divisor of 48 and p.
12
Suppose x = -0*x + 5*m + 6, 4*m = -3*x + 56. What is the highest common factor of 32 and x?
16
Let o = -13 + 19. Calculate the greatest common divisor of o and 42.
6
Suppose -7*r + 480 = -465. Calculate the greatest common factor of r and 30.
15
Suppose 4*m + 3*c - 392 = 0, -376 = -4*m + 4*c - 3*c. Let s = 37 + 1. Calculate the highest common factor of s and m.
19
Let g(d) = d**2 - 6*d + 1. Let f be g(7). Suppose 0*o + 2 = 2*o. Calculate the greatest common factor of o and f.
1
Let p(u) = u**2 - 22*u - 16. Let v be p(23). Calculate the greatest common factor of 91 and v.
7
Let z(i) = -i**2 + 23*i - 32. Let d be z(21). What is the highest common factor of d and 20?
10
Suppose -5*s - 32 = -3*j, 2*j + 3*s - 48 = s. What is the greatest common divisor of j and 19?
19
Suppose u - 16 = -0*u. Calculate the highest common divisor of 40 and u.
8
Suppose g - 7 = 2*v - 24, 3*g = 2*v - 15. What is the greatest common divisor of v and 6?
3
Let x = -20 - -6. Let q be (-8)/20 - x/10. Let c = 5 - q. Calculate the highest common factor of 6 and c.
2
Let l(a) = 0*a - 2*a + 4*a**2 + 0*a + 5*a - 4. Let m be l(4). Calculate the highest common divisor of 9 and m.
9
Let s(n) = -2*n - 3. Let k be s(-3). Suppose k*h - r = -3*r + 55, 5*h + 2*r = 89. Calculate the greatest common divisor of 136 and h.
17
Suppose -4*i + 32 = -16. What is the greatest common divisor of i and 24?
12
Let n(b) = b**2 + 2*b + 6. Let f be n(-6). Calculate the greatest common divisor of 270 and f.
30
Suppose -58 = -5*i + 27. Let l = 10 - 0. Suppose l*d - 272 = 2*d. Calculate the highest common divisor of d and i.
17
Let p(l) = 16*l + 24. Let c be p(9). Calculate the highest common divisor of c and 24.
24
Let v be 3 - 3/2*2. Suppose p - 5*u - 256 = -3*p, v = -4*u. Calculate the highest common divisor of 8 and p.
8
Let y(z) = -114*z**3 + z**2 - 1. Let s be y(-1). Calculate the highest common factor of s and 76.
38
Suppose n - 5*r = 15, 0*r = -n - 4*r + 60. Calculate the greatest common factor of n and 16.
8
Suppose 2*w + 0 = 24. Let g be 32/2*(5 - -1). What is the greatest common factor of g and w?
12
Let d be (-2)/4*-5*2. Suppose -v + d*v = 108. Suppose 5*b - 44 = -2*z, -5*b + 2*z = -29 - v. Calculate the greatest common divisor of 2 and b.
2
Let i be (-3 - (-39)/12)/((-3)/(-12)). What is the greatest common divisor of i and 2?
1
Suppose 0 = 2*y - 8, 0 = -4*l - l - 3*y + 2. Let g(a) = a**2 + 2*a + 1. Let q be g(l). Suppose -40 = -3*u - 7. Calculate the highest common divisor of u and q.
1
Let s(i) = -i**3 - 4*i**2 - i + 5. Let d be s(-4). What is the highest common factor of 27 and d?
9
Let l = 15 - 13. Let q = 3 - 2. What is the greatest common factor of l and q?
1
Suppose -4*a = -4*n + 268, -a = 2*n - 0*n - 149. Suppose 0*c + n = c. Calculate the highest common divisor of 8 and c.
8
Let k = -15 + 18. Suppose -146 - 19 = -k*w. Calculate the highest common divisor of 11 and w.
11
Let h = 20 - 17. Calculate the highest common factor of 9 and h.
3
Suppose 0 = -2*m + 29 + 7. Let l be 40/(-2*(-3)/m). What is the greatest common factor of 15 and l?
15
Let v(o) = 1056*o**2 + o + 1. Let a be v(-1). Suppose 4*x + 2*h = 1056, -4*x - 2*h + a = h. What is the highest common divisor of x and 24?
24
Suppose 2*s = -4*x + 1078, 2*x + 5*s - 527 = -0*x. Let r = x + -165. Let c = r - 70. What is the highest common divisor of c and 18?
18
Let u(t) = 4 + 12*t - 1 - 2 + 2. Let h be u(3). What is the highest common divisor of h and 13?
13
Let n be -3 + (-5)/(15/(-102)). Suppose 5*q + 3*p - 58 = 0, -2*p - n = -3*q - 0*q. What is the greatest common divisor of q and 99?
11
Let i(u) = -5*u**2 - 15*u. Let z(g) = -11*g**2 - 31*g - 1. Let c(d) = -13*i(d) + 6*z(d). Let l be c(6). Calculate the highest common factor of 30 and l.
6
Let s be (-455)/(-30) - (-1)/(-6). Calculate the greatest common factor of 15 and s.
15
Suppose -10 - 14 = -3*q. Let j = q - 6. Suppose -128 = -j*k - 2*k. What is the highest common factor of 4 and k?
4
Let h be (-1)/(3 + -2) - -2. Let m be 2/h*45/6. Calculate the greatest common factor of 6 and m.
3
Let x(z) = -z**3 - 5*z**2 - z + 8. Let w be x(-6). Calculate the highest common factor of 25 and w.
25
Let n be 2/4 - 70/(-4). What is the highest common divisor of 126 and n?
18
Suppose -3*n - n - 8 = 0, 0 = -4*k - 2*n + 88. Calculate the greatest common factor of 23 and k.
23
Let k = 27 + -15. Suppose 2*z - 4 = -10, -2*w = 4*z - 204. What is the highest common divisor of w and k?
12
Let q(i) = 12*i + 4. Let l be q(5). Suppose -m = -3, -3*p + 0*m + 63 = 5*m. Calculate the greatest common divisor of p and l.
16
Suppose 4*j - 645 + 197 = 0. Let k be (1 - 1) + 58 + -44. What is the highest common factor of j and k?
14
Suppose 2*h = 7*h - 165. What is the greatest common factor of h and 3?
3
Let f be 33/(-9)*(-6 + 3). What is the highest common divisor of f and 88?
11
Suppose 0 = -49*f + 47*f + 330. What is the highest common divisor of 15 and f?
15
Let l = -7 - -10. Let p(w) = 2*w**2 - 2*w - 1. Let d be p(l). Calculate the highest common divisor of d and 88.
11
Let s = 3 - 1. Suppose 24 = s*u - 0*u. What is the highest common divisor of u and 8?
4
Suppose -69*l + 73*l = 72. What is the highest common factor of l and 144?
18
Suppose -2*m - m = -384. Suppose 0 = 4*n + 5*b - m, 3*n + 2*b - 77 = 3*b. Let o = 47 - n. What is the highest common factor of 50 and o?
10
Let y(o) = -o**2 + 34. Let p be 6*(-2)/4 + 3. Let d be y(p). Calculate the greatest common divisor of 85 and d.
17
Suppose 0*p + 780 = 2*p + 5*g, 4*g + 1616 = 4*p. Suppose 4*b - 8*b + p = 0. Let l be 2 + 7 + -